[INFO] cloning repository https://github.com/BBScholar/rmc_mag_encoder_rust
[INFO] running `Command { std: "git" "-c" "credential.helper=" "-c" "credential.helper=/workspace/cargo-home/bin/git-credential-null" "clone" "--bare" "https://github.com/BBScholar/rmc_mag_encoder_rust" "/workspace/cache/git-repos/https%3A%2F%2Fgithub.com%2FBBScholar%2Frmc_mag_encoder_rust", kill_on_drop: false }`
[INFO] [stderr] Cloning into bare repository '/workspace/cache/git-repos/https%3A%2F%2Fgithub.com%2FBBScholar%2Frmc_mag_encoder_rust'...
[INFO] running `Command { std: "git" "rev-parse" "HEAD", kill_on_drop: false }`
[INFO] [stdout] 18dd56250cc68669b0b60a9d4126828a1a0fdb18
[INFO] checking BBScholar/rmc_mag_encoder_rust against try#72f88fc4e9458f89516a0b8b0868f3718aec5b47 for pr-74989
[INFO] running `Command { std: "git" "clone" "/workspace/cache/git-repos/https%3A%2F%2Fgithub.com%2FBBScholar%2Frmc_mag_encoder_rust" "/workspace/builds/worker-12/source", kill_on_drop: false }`
[INFO] [stderr] Cloning into '/workspace/builds/worker-12/source'...
[INFO] [stderr] done.
[INFO] validating manifest of git repo https://github.com/BBScholar/rmc_mag_encoder_rust on toolchain 72f88fc4e9458f89516a0b8b0868f3718aec5b47
[INFO] running `Command { std: "/workspace/cargo-home/bin/cargo" "+72f88fc4e9458f89516a0b8b0868f3718aec5b47" "read-manifest" "--manifest-path" "Cargo.toml", kill_on_drop: false }`
[INFO] removed /workspace/builds/worker-12/source/.cargo/config
[INFO] started tweaking git repo https://github.com/BBScholar/rmc_mag_encoder_rust
[INFO] finished tweaking git repo https://github.com/BBScholar/rmc_mag_encoder_rust
[INFO] tweaked toml for git repo https://github.com/BBScholar/rmc_mag_encoder_rust written to /workspace/builds/worker-12/source/Cargo.toml
[INFO] crate git repo https://github.com/BBScholar/rmc_mag_encoder_rust already has a lockfile, it will not be regenerated
[INFO] running `Command { std: "/workspace/cargo-home/bin/cargo" "+72f88fc4e9458f89516a0b8b0868f3718aec5b47" "fetch" "--locked" "--manifest-path" "Cargo.toml", kill_on_drop: false }`
[INFO] [stderr]  Downloading crates ...
[INFO] [stderr]   Downloaded panic-halt v0.2.0
[INFO] [stderr]   Downloaded as-slice v0.1.3
[INFO] [stderr]   Downloaded cortex-m v0.6.2
[INFO] [stderr]   Downloaded stm32f1xx-hal v0.5.3
[INFO] [stderr]   Downloaded stm32f1 v0.9.0
[INFO] running `Command { std: "docker" "create" "-v" "/var/lib/crater-agent-workspace/builds/worker-12/target:/opt/rustwide/target:rw,Z" "-v" "/var/lib/crater-agent-workspace/builds/worker-12/source:/opt/rustwide/workdir:ro,Z" "-v" "/var/lib/crater-agent-workspace/cargo-home:/opt/rustwide/cargo-home:ro,Z" "-v" "/var/lib/crater-agent-workspace/rustup-home:/opt/rustwide/rustup-home:ro,Z" "-e" "SOURCE_DIR=/opt/rustwide/workdir" "-e" "CARGO_TARGET_DIR=/opt/rustwide/target" "-e" "CARGO_HOME=/opt/rustwide/cargo-home" "-e" "RUSTUP_HOME=/opt/rustwide/rustup-home" "-w" "/opt/rustwide/workdir" "-m" "1610612736" "--user" "0:0" "--network" "none" "rustops/crates-build-env@sha256:d92eaeed33fa75130ca1ee6c8a01d1ffb62bac859dfdfb3450e3e5d1c0146529" "/opt/rustwide/cargo-home/bin/cargo" "+72f88fc4e9458f89516a0b8b0868f3718aec5b47" "metadata" "--no-deps" "--format-version=1", kill_on_drop: false }`
[INFO] [stderr] WARNING: Your kernel does not support swap limit capabilities or the cgroup is not mounted. Memory limited without swap.
[INFO] [stdout] 0374ddc47e8eb09a977601884663e8577cdbae298891f35335891f0983248b0c
[INFO] running `Command { std: "docker" "start" "-a" "0374ddc47e8eb09a977601884663e8577cdbae298891f35335891f0983248b0c", kill_on_drop: false }`
[INFO] running `Command { std: "docker" "inspect" "0374ddc47e8eb09a977601884663e8577cdbae298891f35335891f0983248b0c", kill_on_drop: false }`
[INFO] running `Command { std: "docker" "rm" "-f" "0374ddc47e8eb09a977601884663e8577cdbae298891f35335891f0983248b0c", kill_on_drop: false }`
[INFO] [stdout] 0374ddc47e8eb09a977601884663e8577cdbae298891f35335891f0983248b0c
[INFO] running `Command { std: "docker" "create" "-v" "/var/lib/crater-agent-workspace/builds/worker-12/target:/opt/rustwide/target:rw,Z" "-v" "/var/lib/crater-agent-workspace/builds/worker-12/source:/opt/rustwide/workdir:ro,Z" "-v" "/var/lib/crater-agent-workspace/cargo-home:/opt/rustwide/cargo-home:ro,Z" "-v" "/var/lib/crater-agent-workspace/rustup-home:/opt/rustwide/rustup-home:ro,Z" "-e" "SOURCE_DIR=/opt/rustwide/workdir" "-e" "CARGO_TARGET_DIR=/opt/rustwide/target" "-e" "CARGO_INCREMENTAL=0" "-e" "RUST_BACKTRACE=full" "-e" "RUSTFLAGS=--cap-lints=forbid" "-e" "CARGO_HOME=/opt/rustwide/cargo-home" "-e" "RUSTUP_HOME=/opt/rustwide/rustup-home" "-w" "/opt/rustwide/workdir" "-m" "1610612736" "--user" "0:0" "--network" "none" "rustops/crates-build-env@sha256:d92eaeed33fa75130ca1ee6c8a01d1ffb62bac859dfdfb3450e3e5d1c0146529" "/opt/rustwide/cargo-home/bin/cargo" "+72f88fc4e9458f89516a0b8b0868f3718aec5b47" "check" "--frozen" "--all" "--all-targets" "--message-format=json", kill_on_drop: false }`
[INFO] [stdout] c010c7569988c07ad982e3af30c9193493c501cdc102f68ec9782d2098c67276
[INFO] [stderr] WARNING: Your kernel does not support swap limit capabilities or the cgroup is not mounted. Memory limited without swap.
[INFO] running `Command { std: "docker" "start" "-a" "c010c7569988c07ad982e3af30c9193493c501cdc102f68ec9782d2098c67276", kill_on_drop: false }`
[INFO] [stderr]    Compiling syn v1.0.17
[INFO] [stderr]    Compiling cortex-m v0.6.2
[INFO] [stderr]     Checking stable_deref_trait v1.1.1
[INFO] [stderr]     Checking vcell v0.1.2
[INFO] [stderr]    Compiling cortex-m-rt v0.6.12
[INFO] [stderr]    Compiling stm32f1 v0.9.0
[INFO] [stderr]     Checking r0 v0.2.2
[INFO] [stderr]     Checking nb v0.1.2
[INFO] [stderr]     Checking void v1.0.2
[INFO] [stderr]     Checking panic-halt v0.2.0
[INFO] [stderr]    Compiling bare-metal v0.2.5
[INFO] [stderr]    Compiling cast v0.2.3
[INFO] [stderr]    Compiling proc-macro2 v1.0.10
[INFO] [stderr]     Checking volatile-register v0.2.0
[INFO] [stderr]     Checking as-slice v0.1.3
[INFO] [stderr]     Checking embedded-hal v0.2.3
[INFO] [stderr]    Compiling quote v1.0.3
[INFO] [stderr]     Checking aligned v0.3.2
[INFO] [stderr]    Compiling cortex-m-rt-macros v0.1.8
[INFO] [stderr]     Checking stm32f1xx-hal v0.5.3
[INFO] [stderr]     Checking mag_encoder_firmware v0.1.0 (/opt/rustwide/workdir)
[INFO] [stdout] warning: unused import: `delay::Delay`
[INFO] [stdout]   --> src/main.rs:10:21
[INFO] [stdout]    |
[INFO] [stdout] 10 | use stm32f1xx_hal::{delay::Delay, pac, prelude::*, timer::Timer};
[INFO] [stdout]    |                     ^^^^^^^^^^^^
[INFO] [stdout]    |
[INFO] [stdout]    = note: `#[warn(unused_imports)]` on by default
[INFO] [stdout] 
[INFO] [stdout] 
[INFO] [stdout] error: duplicate lang item in crate `std` (which `test` depends on): `panic_impl`.
[INFO] [stdout]   |
[INFO] [stdout]   = note: the lang item is first defined in crate `panic_halt` (which `mag_encoder_firmware` depends on)
[INFO] [stdout]   = note: first definition in `panic_halt` loaded from /opt/rustwide/target/debug/deps/libpanic_halt-574608e11c22a401.rmeta
[INFO] [stdout]   = note: second definition in `std` loaded from /opt/rustwide/rustup-home/toolchains/72f88fc4e9458f89516a0b8b0868f3718aec5b47/lib/rustlib/x86_64-unknown-linux-gnu/lib/libstd-faa3fd6c69b73b7d.rlib
[INFO] [stdout] 
[INFO] [stdout] 
[INFO] [stdout] warning: unused import: `delay::Delay`
[INFO] [stdout]   --> src/main.rs:10:21
[INFO] [stdout]    |
[INFO] [stdout] 10 | use stm32f1xx_hal::{delay::Delay, pac, prelude::*, timer::Timer};
[INFO] [stdout]    |                     ^^^^^^^^^^^^
[INFO] [stdout]    |
[INFO] [stdout]    = note: `#[warn(unused_imports)]` on by default
[INFO] [stdout] 
[INFO] [stdout] 
[INFO] [stdout] error: language item required, but not found: `eh_personality`
[INFO] [stdout] 
[INFO] [stdout] 
[INFO] [stdout] error[E0599]: no method named `into_push_pull_output` found for struct `PB4<Debugger>` in the current scope
[INFO] [stdout]   --> src/main.rs:36:29
[INFO] [stdout]    |
[INFO] [stdout] 36 |     let status2 = gpiob.pb4.into_push_pull_output(&mut gpiob.crl)
[INFO] [stdout]    |                             ^^^^^^^^^^^^^^^^^^^^^ method not found in `PB4<Debugger>`
[INFO] [stdout]    | 
[INFO] [stdout]   ::: /opt/rustwide/cargo-home/registry/src/github.com-1ecc6299db9ec823/stm32f1xx-hal-0.5.3/src/gpio.rs:46:1
[INFO] [stdout]    |
[INFO] [stdout] 46 | pub struct Debugger;
[INFO] [stdout]    | -------------------- doesn't satisfy `Debugger: stm32f1xx_hal::gpio::Active`
[INFO] [stdout]    |
[INFO] [stdout]    = note: the method `into_push_pull_output` exists but the following trait bounds were not satisfied:
[INFO] [stdout]            `Debugger: stm32f1xx_hal::gpio::Active`
[INFO] [stdout] 
[INFO] [stdout] 
[INFO] [stdout] error[E0599]: no method named `into_push_pull_output` found for struct `PB3<Debugger>` in the current scope
[INFO] [stdout]   --> src/main.rs:39:29
[INFO] [stdout]    |
[INFO] [stdout] 39 |     let status3 = gpiob.pb3.into_push_pull_output(&mut gpiob.crl)
[INFO] [stdout]    |                             ^^^^^^^^^^^^^^^^^^^^^ method not found in `PB3<Debugger>`
[INFO] [stdout]    | 
[INFO] [stdout]   ::: /opt/rustwide/cargo-home/registry/src/github.com-1ecc6299db9ec823/stm32f1xx-hal-0.5.3/src/gpio.rs:46:1
[INFO] [stdout]    |
[INFO] [stdout] 46 | pub struct Debugger;
[INFO] [stdout]    | -------------------- doesn't satisfy `Debugger: stm32f1xx_hal::gpio::Active`
[INFO] [stdout]    |
[INFO] [stdout]    = note: the method `into_push_pull_output` exists but the following trait bounds were not satisfied:
[INFO] [stdout]            `Debugger: stm32f1xx_hal::gpio::Active`
[INFO] [stdout] 
[INFO] [stdout] 
[INFO] [stdout] error[E0061]: this function takes 1 argument but 0 arguments were supplied
[INFO] [stdout]   --> src/main.rs:50:15
[INFO] [stdout]    |
[INFO] [stdout] 50 |         x_pin.enable_interrupt()
[INFO] [stdout]    |               ^^^^^^^^^^^^^^^^- supplied 0 arguments
[INFO] [stdout]    |               |
[INFO] [stdout]    |               expected 1 argument
[INFO] [stdout] 
[INFO] [stdout] 
[INFO] [stdout] error[E0308]: mismatched types
[INFO] [stdout]   --> src/main.rs:57:48
[INFO] [stdout]    |
[INFO] [stdout] 57 |     let encoder = Timer::tim2(p.TIM2, &clocks, &mut rcc.apb2).qei(
[INFO] [stdout]    |                                                ^^^^^^^^^^^^^ expected struct `APB1`, found struct `APB2`
[INFO] [stdout]    |
[INFO] [stdout]    = note: expected mutable reference `&mut APB1`
[INFO] [stdout]               found mutable reference `&mut APB2`
[INFO] [stdout] 
[INFO] [stdout] 
[INFO] [stdout] error[E0271]: type mismatch resolving `<Tim1NoRemap as stm32f1xx_hal::timer::sealed::Remap>::Periph == stm32f1xx_hal::pac::TIM2`
[INFO] [stdout]   --> src/main.rs:57:63
[INFO] [stdout]    |
[INFO] [stdout] 57 |     let encoder = Timer::tim2(p.TIM2, &clocks, &mut rcc.apb2).qei(
[INFO] [stdout]    |                                                               ^^^ expected struct `TIM1`, found struct `stm32f1xx_hal::pac::TIM2`
[INFO] [stdout] 
[INFO] [stdout] 
[INFO] [stdout] error: aborting due to 6 previous errors; 1 warning emitted
[INFO] [stdout] 
[INFO] [stdout] 
[INFO] [stdout] Some errors have detailed explanations: E0061, E0271, E0308, E0599.
[INFO] [stdout] 
[INFO] [stdout] For more information about an error, try `rustc --explain E0061`.
[INFO] [stdout] 
[INFO] [stdout] error[E0599]: no method named `into_push_pull_output` found for struct `PB4<Debugger>` in the current scope
[INFO] [stdout]   --> src/main.rs:36:29
[INFO] [stdout]    |
[INFO] [stdout] 36 |     let status2 = gpiob.pb4.into_push_pull_output(&mut gpiob.crl)
[INFO] [stdout]    |                             ^^^^^^^^^^^^^^^^^^^^^ method not found in `PB4<Debugger>`
[INFO] [stdout]    | 
[INFO] [stdout]   ::: /opt/rustwide/cargo-home/registry/src/github.com-1ecc6299db9ec823/stm32f1xx-hal-0.5.3/src/gpio.rs:46:1
[INFO] [stdout]    |
[INFO] [stdout] 46 | pub struct Debugger;
[INFO] [stdout]    | -------------------- doesn't satisfy `Debugger: stm32f1xx_hal::gpio::Active`
[INFO] [stdout]    |
[INFO] [stdout]    = note: the method `into_push_pull_output` exists but the following trait bounds were not satisfied:
[INFO] [stdout]            `Debugger: stm32f1xx_hal::gpio::Active`
[INFO] [stdout] 
[INFO] [stdout] 
[INFO] [stderr] error: could not compile `mag_encoder_firmware`.
[INFO] [stdout] error[E0599]: no method named `into_push_pull_output` found for struct `PB3<Debugger>` in the current scope
[INFO] [stdout]   --> src/main.rs:39:29
[INFO] [stdout]    |
[INFO] [stdout] 39 |     let status3 = gpiob.pb3.into_push_pull_output(&mut gpiob.crl)
[INFO] [stdout]    |                             ^^^^^^^^^^^^^^^^^^^^^ method not found in `PB3<Debugger>`
[INFO] [stdout]    | 
[INFO] [stdout]   ::: /opt/rustwide/cargo-home/registry/src/github.com-1ecc6299db9ec823/stm32f1xx-hal-0.5.3/src/gpio.rs:46:1
[INFO] [stdout]    |
[INFO] [stdout] 46 | pub struct Debugger;
[INFO] [stdout]    | -------------------- doesn't satisfy `Debugger: stm32f1xx_hal::gpio::Active`
[INFO] [stdout]    |
[INFO] [stdout]    = note: the method `into_push_pull_output` exists but the following trait bounds were not satisfied:
[INFO] [stdout]            `Debugger: stm32f1xx_hal::gpio::Active`
[INFO] [stdout] 
[INFO] [stdout] 
[INFO] [stderr] 
[INFO] [stdout] error[E0061]: this function takes 1 argument but 0 arguments were supplied
[INFO] [stdout]   --> src/main.rs:50:15
[INFO] [stdout]    |
[INFO] [stdout] 50 |         x_pin.enable_interrupt()
[INFO] [stdout]    |               ^^^^^^^^^^^^^^^^- supplied 0 arguments
[INFO] [stdout]    |               |
[INFO] [stdout]    |               expected 1 argument
[INFO] [stdout] 
[INFO] [stdout] 
[INFO] [stderr] To learn more, run the command again with --verbose.
[INFO] [stderr] warning: build failed, waiting for other jobs to finish...
[INFO] [stdout] error[E0308]: mismatched types
[INFO] [stdout]   --> src/main.rs:57:48
[INFO] [stdout]    |
[INFO] [stdout] 57 |     let encoder = Timer::tim2(p.TIM2, &clocks, &mut rcc.apb2).qei(
[INFO] [stdout]    |                                                ^^^^^^^^^^^^^ expected struct `APB1`, found struct `APB2`
[INFO] [stdout]    |
[INFO] [stdout]    = note: expected mutable reference `&mut APB1`
[INFO] [stdout]               found mutable reference `&mut APB2`
[INFO] [stdout] 
[INFO] [stdout] 
[INFO] [stdout] error[E0271]: type mismatch resolving `<Tim1NoRemap as stm32f1xx_hal::timer::sealed::Remap>::Periph == stm32f1xx_hal::pac::TIM2`
[INFO] [stdout]   --> src/main.rs:57:63
[INFO] [stdout]    |
[INFO] [stdout] 57 |     let encoder = Timer::tim2(p.TIM2, &clocks, &mut rcc.apb2).qei(
[INFO] [stdout]    |                                                               ^^^ expected struct `TIM1`, found struct `stm32f1xx_hal::pac::TIM2`
[INFO] [stdout] 
[INFO] [stdout] 
[INFO] [stdout] error: aborting due to 6 previous errors; 1 warning emitted
[INFO] [stdout] 
[INFO] [stdout] 
[INFO] [stdout] Some errors have detailed explanations: E0061, E0271, E0308, E0599.
[INFO] [stdout] 
[INFO] [stdout] For more information about an error, try `rustc --explain E0061`.
[INFO] [stdout] 
[INFO] [stderr] error: build failed
[INFO] running `Command { std: "docker" "inspect" "c010c7569988c07ad982e3af30c9193493c501cdc102f68ec9782d2098c67276", kill_on_drop: false }`
[INFO] running `Command { std: "docker" "rm" "-f" "c010c7569988c07ad982e3af30c9193493c501cdc102f68ec9782d2098c67276", kill_on_drop: false }`
[INFO] [stdout] c010c7569988c07ad982e3af30c9193493c501cdc102f68ec9782d2098c67276
